 is the ten thousands digit of 1480727589?
2
What is the thousands digit of 2609933?
9
What is the millions digit of 122687097?
2
What is the hundred thousands digit of 468897706?
8
What is the ten millions digit of 67482235?
6
What is the thousands digit of 115582437?
2
What is the millions digit of 795450798?
5
What is the thousands digit of 5972229?
2
What is the hundred thousands digit of 169409242?
4
What is the ten millions digit of 556095818?
5
What is the thousands digit of 51025764?
5
What is the millions digit of 1172597273?
2
What is the ten millions digit of 57667731?
5
What is the thousands digit of 938699068?
9
What is the hundred millions digit of 213668334?
2
What is the units digit of 199834157?
7
What is the ten thousands digit of 27268372?
6
What is the millions digit of 411229282?
1
What is the tens digit of 61112769?
6
What is the thousands digit of 2175314282?
4
What is the hundreds digit of 3557908142?
1
What is the ten millions digit of 74719422?
7
What is the hundreds digit of 101741417?
4
What is the ten millions digit of 362953495?
6
What is the ten thousands digit of 377692377?
9
What is the tens digit of 1888577778?
7
What is the hundred millions digit of 111921084?
1
What is the hundred millions digit of 8617188262?
6
What is the millions digit of 334835877?
4
What is the ten millions digit of 2048363875?
4
What is the ten millions digit of 116112683?
1
What is the ten millions digit of 275129570?
7
What is the ten millions digit of 2078374317?
7
What is the thousands digit of 35594296?
4
What is the hundred millions digit of 195528823?
1
What is the hundred thousands digit of 54286204?
2
What is the thousands digit of 123678996?
8
What is the hundred millions digit of 1373909207?
3
What is the units digit of 626551099?
9
What is the ten thousands digit of 2097640826?
4
What is the ten thousands digit of 257219030?
1
What is the millions digit of 285064126?
5
What is the tens digit of 446610357?
5
What is the units digit of 142925519?
9
What is the hundreds digit of 394677758?
7
What is the hundred millions digit of 119261253?
1
What is the thousands digit of 469418350?
8
What is the hundred millions digit of 354253472?
3
What is the thousands digit of 76101063?
1
What is the ten millions digit of 3032433668?
3
What is the ten thousands digit of 45222757?
2
What is the ten thousands digit of 34490873?
9
What is the tens digit of 108520219?
1
What is the hundred millions digit of 1050153270?
0
What is the hundred millions digit of 243299265?
2
What is the thousands digit of 4588264?
8
What is the hundred thousands digit of 164435885?
4
What is the ten thousands digit of 98950692?
5
What is the hundred millions digit of 266518953?
2
What is the millions digit of 2260549999?
0
What is the hundreds digit of 50778039?
0
What is the hundreds digit of 14986616?
6
What is the hundreds digit of 2301537979?
9
What is the billions digit of 2422617243?
2
What is the hundreds digit of 23897939?
9
What is the units digit of 27459218?
8
What is the tens digit of 5121433?
3
What is the ten thousands digit of 161770881?
7
What is the hundred millions digit of 986769765?
9
What is the tens digit of 1550814054?
5
What is the billions digit of 4687796626?
4
What is the ten millions digit of 322191815?
2
What is the units digit of 27247603?
3
What is the ten millions digit of 842343032?
4
What is the units digit of 15968122?
2
What is the hundreds digit of 470505114?
1
What is the ten thousands digit of 83649181?
4
What is the ten millions digit of 113458189?
1
What is the thousands digit of 186128756?
8
What is the ten millions digit of 42591711?
4
What is the tens digit of 76636334?
3
What is the ten thousands digit of 87140024?
4
What is the tens digit of 62095326?
2
What is the tens digit of 253575175?
7
What is the ten thousands digit of 653435068?
3
What is the thousands digit of 4257056252?
6
What is the hundred millions digit of 264761813?
2
What is the millions digit of 7434283868?
4
What is the millions digit of 16210911?
6
What is the thousands digit of 37381608?
1
What is the ten millions digit of 538815521?
3
What is the tens digit of 281627328?
2
What is the hundreds digit of 717029636?
6
What is the thousands digit of 59956358?
6
What is the hundreds digit of 72126537?
5
What is the millions digit of 109153124?
9
What is the millions digit of 1801045345?
1
What is the units digit of 7970242132?
2
What is the tens digit of 939118460?
6
What is the hundred millions digit of 3766408437?
7
What is the thousands digit of 2019087650?
7
What is the thousands digit of 584235673?
5
What is the tens digit of 114932369?
6
What is the units digit of 188610759?
9
What is the thousands digit of 4283044?
3
What is the hundred millions digit of 861469007?
8
What is the hundred thousands digit of 201070144?
0
What is the ten millions digit of 297251348?
9
What is the units digit of 652814367?
7
What is the hundreds digit of 39150705?
7
What is the thousands digit of 109524?
9
What is the ten thousands digit of 4395527105?
2
What is the ten thousands digit of 11192228?
9
What is the millions digit of 153353509?
3
What is the units digit of 413128259?
9
What is the ten thousands digit of 11246324?
4
What is the thousands digit of 362007075?
7
What is the ten millions digit of 143925027?
4
What is the millions digit of 308988064?
8
What is the hundreds digit of 4946854?
8
What is the thousands digit of 2089429836?
9
What is the units digit of 82062432?
2
What is the ten thousands digit of 18932025?
3
What is the ten thousands digit of 19004653?
0
What is the ten thousands digit of 92348651?
4
What is the ten millions digit of 87036856?
8
What is the hundred millions digit of 4446303780?
4
What is the units digit of 89879439?
9
What is the ten thousands digit of 2030232251?
3
What is the units digit of 27099901?
1
What is the units digit of 92385827?
7
What is the millions digit of 6082449638?
2
What is the millions digit of 914079650?
4
What is the millions digit of 37251792?
7
What is the hundred thousands digit of 223032687?
0
What is the tens digit of 52840922?
2
What is the hundred thousands digit of 2621029671?
0
What is the thousands digit of 71563997?
3
What is the hundred thousands digit of 84447425?
4
What is the hundreds digit of 671552884?
8
What is the hundreds digit of 159956787?
7
What is the ten thousands digit of 74227558?
2
What is the thousands digit of 55216345?
6
What is the hundreds digit of 91332322?
3
What is the hundred thousands digit of 2249909019?
9
What is the units digit of 118875250?
0
What is the ten thousands digit of 113190690?
9
What is the thousands digit of 1843198193?
8
What is the tens digit of 13572152?
5
What is the millions digit of 166191083?
6
What is the ten millions digit of 62873853?
6
What is the tens digit of 168833367?
6
What is the units digit of 193338779?
9
What is the hundreds digit of 11532410?
4
What is the ten thousands digit of 609343503?
4
What is the millions digit of 18192559?
8
What is the hundred millions digit of 358878589?
3
What is the billions digit of 2420489316?
2
What is the ten thousands digit of 64105980?
0
What is the hundred millions digit of 441406220?
4
What is the ten millions digit of 6104295911?
0
What is the units digit of 1957352402?
2
What is the ten millions digit of 4148118026?
4
What is the tens digit of 166622902?
0
What is the ten thousands digit of 41110957?
1
What is the hundred millions digit of 103691628?
1
What is the ten thousands digit of 2750348735?
4
What is the thousands digit of 2893367678?
7
What is the thousands digit of 3047787739?
7
What is the ten millions digit of 275058165?
7
What is the units digit of 7115868242?
2
What is the millions digit of 87993104?
7
What is the tens digit of 65746675?
7
What is the hundred thousands digit of 2034033224?
0
What is the millions digit of 1956694530?
6
What is the hundreds digit of 599263095?
0
What is the hundreds digit of 1531671365?
3
What is the thousands digit of 154185699?
5
What is the hundred thousands digit of 143598527?
5
What is the ten thousands digit of 24491083?
9
What is the millions digit of 440893553?
0
What is the tens digit of 363425298?
9
What is the hundreds digit of 4970503